etermine d(-51).
49
Let f(i) = -23431*i + 117173. Calculate f(5).
18
Let l(c) = -c**3 - 40*c**2 - 125*c - 77. Determine l(-37).
441
Let y(j) = -176387*j - 7408255. What is y(-42)?
-1
Let j(x) = -156*x - 9489. What is j(-59)?
-285
Let n(c) = -c**2 + 690*c - 44463. Give n(72).
33
Let q(i) = -i**3 + 4*i**2 + 432*i - 64. Give q(-19).
31
Let m(t) = -2552*t - 21297. Calculate m(-8).
-881
Let d(q) = -1674*q + 20660. Give d(15).
-4450
Let l(f) = -6579*f + 151950. What is l(23)?
633
Let f(y) = 3*y**2 - 108*y - 929. What is f(32)?
-1313
Let w(g) = -132*g**2 + 88*g - 90. Determine w(1).
-134
Let d(c) = c**3 - 92*c**2 + 817*c - 3. Calculate d(10).
-33
Let n(k) = 3*k**2 + 6592*k - 288998. What is n(43)?
5
Let g(w) = w**2 + 88297*w + 353168. Calculate g(-4).
-4
Let b(s) = -s**3 - 5*s**2 + 12*s - 97. Give b(-7).
-83
Let v(g) = 1065*g + 133171. Determine v(-125).
46
Let k(v) = 2*v**3 + 57*v**2 + 51*v + 841. What is k(-28)?
197
Let n(z) = -1633*z + 4854. Calculate n(4).
-1678
Let x(c) = 22*c**2 + 1822*c + 37463. What is x(-45)?
23
Let m(j) = -22897*j + 68689. Give m(3).
-2
Let o(k) = -2*k**3 + 175*k**2 + 60*k + 2503. Determine o(88).
39
Let s(w) = -17*w**2 + 291*w - 1483. Calculate s(5).
-453
Let f(h) = h**3 + 13*h**2 + 35*h + 14. Give f(-7).
63
Let p(l) = -1552*l + 9601. Give p(6).
289
Let l(c) = 77507*c - 4030336. Determine l(52).
28
Let l(y) = 738705*y + 5909642. Give l(-8).
2
Let b(k) = k**3 + 99*k**2 - 211*k - 409. Calculate b(-101).
500
Let c(s) = -2557*s - 5236. What is c(-2)?
-122
Let p(k) = 2575*k - 1928650. What is p(749)?
25
Let t(l) = -27*l**2 + 1607*l + 1034. Calculate t(60).
254
Let b(t) = 2*t**3 + 68*t**2 - 73*t - 9409. Give b(-30).
-19
Let m(t) = -74*t - 3994. Give m(-49).
-368
Let p(r) = r**2 + 55460*r - 166397. What is p(3)?
-8
Let q(x) = -7*x**2 + 1172*x - 46087. Determine q(104).
89
Let k(u) = 2*u**3 + 266*u**2 + 2675*u - 71. Determine k(-11).
28
Let z(y) = 52687*y + 895671. Calculate z(-17).
-8
Let o(y) = -32*y**2 - 1296*y - 142. Determine o(-40).
498
Let h(z) = -377*z + 2275. Give h(5).
390
Let h(a) = -2508*a + 71841. Calculate h(29).
-891
Let w(x) = -48*x**2 - 1591*x + 3187. Calculate w(2).
-187
Let b(o) = -144*o**2 + 94*o + 1047. Calculate b(3).
33
Let n(u) = -u**2 - 39612*u + 79224. Determine n(2).
-4
Let p(m) = 566584*m - 12464872. Determine p(22).
-24
Let v(o) = -o**3 + 87*o**2 + 2795*o - 751. Determine v(112).
-1311
Let w(k) = 3644*k + 561181. What is w(-154)?
5
Let a(p) = 5*p**3 - 237*p**2 + 1131*p + 2. Give a(42).
-124
Let h(z) = 4*z**2 - 72*z - 124884. Calculate h(-168).
108
Let c(r) = r**3 - 1352*r**2 - 8161*r - 77. Calculate c(-6).
1
Let g(s) = -9*s**2 + 17*s + 300. Calculate g(-13).
-1442
Let n(r) = 8*r**3 + 9*r**2 + 11*r - 18. What is n(2)?
104
Let k(m) = 4*m**3 + 307*m**2 - 2882*m - 6541. Give k(-85).
4
Let s(c) = 6*c**2 - 300*c - 4195. Calculate s(-13).
719
Let i(w) = 2*w**3 + 264*w**2 + 12*w + 1575. What is i(-132)?
-9
Let l(o) = 6895*o - 68950. Give l(10).
0
Let y(a) = 2*a**3 + 3*a**2 - 1044*a + 4122. Give y(4).
122
Let x(g) = g**3 + 23*g**2 + 26*g - 590. Calculate x(-7).
12
Let n(r) = -2*r**3 + 111*r**2 + 53*r + 296. Calculate n(56).
128
Let l(q) = -q**2 + 18677*q + 373956. What is l(-20)?
16
Let q(v) = 677194*v + 3385954. Give q(-5).
-16
Let i(d) = -d**2 + 332046*d + 8965977. What is i(-27)?
6
Let a(v) = -177812*v + 1066876. Calculate a(6).
4
Let m(h) = -h**3 - 29*h**2 + 202*h - 22. Determine m(6).
-70
Let r(b) = b**2 + 1372*b - 27857. Determine r(20).
-17
Let t(r) = 2*r**3 - 26*r**2 - 1784*r - 174. Determine t(-24).
18
Let r(n) = 4334*n - 17333. Give r(4).
3
Let o(m) = -2*m**3 + 86*m**2 - 80*m + 834. Determine o(41).
4278
Let z(n) = 2*n**2 - 4330*n - 294539. Calculate z(-66).
-47
Let i(q) = -84*q**2 - 130*q + 409. What is i(4)?
-1455
Let z(k) = -1699*k - 8448. What is z(-5)?
47
Let m(y) = 5317*y + 74397. Determine m(-14).
-41
Let r(v) = 2*v**3 - 84*v**2 + 383*v - 14536. Give r(41).
-2195
Let i(n) = 29235*n - 87703. Determine i(3).
2
Let f(q) = -64*q**2 + 528*q + 224. Determine f(9).
-208
Let t(q) = 6968*q - 209095. What is t(30)?
-55
Let a(j) = 220*j - 4611. Calculate a(15).
-1311
Let z(h) = 3*h**3 - 4*h**2 - 68*h + 93. Determine z(0).
93
Let y(k) = 6*k**3 + 2848*k**2 - 989*k - 18524. Give y(-475).
1
Let t(o) = -54*o**2 + 938*o + 21. Determine t(17).
361
Let g(m) = 295*m + 44217. What is g(-150)?
-33
Let j(n) = -1098*n**2 + 3709*n - 1247. Give j(3).
-2
Let y(h) = 2*h**3 + 84*h**2 - 222*h - 143. Determine y(3).
1
Let y(b) = 15554*b**2 + 77764*b - 26. Calculate y(-5).
4
Let b(s) = -s**3 + 291*s**2 - 9178*s - 875. What is b(255)?
-365
Let g(w) = 3*w**3 + 6*w**2 + 55*w + 257. Calculate g(-6).
-505
Let l(f) = -3386*f + 274365. Determine l(81).
99
Let j(k) = k**3 - 488*k**2 - 62267*k - 206. Calculate j(-105).
4
Let d(y) = y**2 + 6604*y + 177595. Calculate d(-27).
16
Let j(b) = b**3 - 41*b**2 - 5*b + 1102. Give j(25).
-9023
Let w(p) = 8113361*p - 24340081. Determine w(3).
2
Let h(c) = 11*c**2 + 185*c + 491. Give h(-15).
191
Let g(l) = 47*l - 1821. Give g(33).
-270
Let u(k) = -37403*k - 635833. Determine u(-17).
18
Let d(l) = l**2 + 198*l + 6609. Determine d(-166).
1297
Let j(i) = -2*i**3 - 16*i**2 - 596*i - 7289. Calculate j(-11).
-7
Let h(f) = 100*f**3 + 501*f**2 + 352*f + 1739. What is h(-5)?
4
Let h(y) = -445893*y - 445885. Determine h(-1).
8
Let x(n) = 16*n**2 + 704*n + 6480. Calculate x(-31).
32
Let a(g) = 47566*g - 142613. Calculate a(3).
85
Let s(q) = 55*q + 10522. Determine s(-181).
567
Let l(h) = -h**2 + 346*h - 29171. Give l(146).
29
Let o(x) = -x**3 + 427*x**2 - 3612*x - 62709. Calculate o(418).
-9
Let m(x) = x**2 + 1608*x - 156662. Calculate m(92).
-262
Let i(j) = 3021*j - 160164. Calculate i(53).
-51
Let h(l) = -2*l**3 + 11*l**2 - 1558*l + 4628. Calculate h(3).
-1
Let u(j) = 212*j**2 - 1111*j - 971. What is u(6)?
-5
Let g(n) = 30786*n + 2185807. Calculate g(-71).
1
Let t(h) = -8442*h**2 - 1038365*h + 130. What is t(-123)?
7
Let o(d) = -1050*d + 24137. Give o(23).
-13
Let c(n) = -4*n**2 - 8*n + 742. Calculate c(-19).
-550
Let l(k) = k**3 + 30*k**2 + 1036*k + 6792. Calculate l(-8).
-88
Let q(h) = -3*h**2 - 181*h - 1400. Calculate q(-47).
480
Let f(g) = -67607*g - 473272. What is f(-7)?
-23
Let z(s) = -28*s**2 - 309*s + 7. What is z(-13)?
-708
Let x(y) = -y**3 - 24*y**2 - 417*y - 4589. Determine x(-16).
35
Let b(h) = -2193*h + 50252. Give b(23).
-187
Let w(a) = -360*a + 185. Give w(1).
-175
Let l(p) = -29*p**2 - 562*p + 3279. Give l(6).
-1137
Let m(j) = -129*j + 28641. Determine m(221).
132
Let b(r) = 686227*r - 686232. What is b(1)?
-5
Let c(n) = -4*n**3 + 21*n**2 - 42*n + 71. Calculate c(2).
39
Let f(z) = -6454*z + 70878. Determine f(11).
-116
Let z(h) = 386591*h - 6572036. Determine z(17).
11
Let y(x) = -x**3 + 140*x**2 - 4892*x - 228. What is y(72)?
60
Let f(p) = -9*p**2 + 590*p + 1320. What is f(68)?
-176
Let s(j) = -6*j**2 + 7668*j + 251491. Give s(-32).
-29
Let v(i) = 268*i**2 - 11*i + 30. Determine v(-2).
1124
Let n(f) = -625*f + 3913. Calculate n(7).
-462
Let f(x) = -2*x**2 + 6054*x + 8715965. Give f(4092).
5
Let c(m) = -12*m**2 - 9509*m - 295654. Determine c(-760).
-14
Let n(k) = 4*k**3 + 104*k**2 - 102*k + 95. Give n(-27).
-67
Let c(d) = 911*d + 1962. Determine c(-2).
140
Let a(d) = -178*d - 6120. Give a(-39).
822
Let o(c) = 2174*c + 641320. Determine o(-295).
-10
Let h(i) = 41*i**3 - 811*i**2 - 1405*i + 24495. Calculate h(20).
-5
Let t(m) = -3*m**3 - 1730*m**2 + 1501*m + 230. Give t(1).
-2
Let q(o) = 3*o**3 + 122*o**2 - 25464*o + 590. What is q(74)?
-2
Let b(z) = -13558*z - 216946. What is b(-16)?
-18
Let j(u) = -5*u**3 + 49*u**2 - 4*u + 174. Determine j(9).
462
Let o(x) = -33*x**2 - 3999*x + 194. Determine o(-121).
920
Let b(r) = r**3 - 27*r**2 - 474*r + 6799. Give b(35).
9
Let y(p) = -142*p**2 - 21356*p + 34649. Calculate y(-152).
-7
Let m(i) = -441*i - 978. What is m(-3)?
345
Let i(s) = s**3 - 77*s**2 - 3677*s + 3293. Determine i(-34).
-5
Let o(q) = -3*q**3 - 10*q - 46. Determine o(-3).
65
Let t(y) = 2*y**2 + 1002168*y + 13027850. Calculate t(-13).
4
Let m(z) = 8*z**2 - 706*z - 592. What is m(89)?
-58
Let r(q) = -85263*q - 511272. Give r(-6).
306
Let j(y) = -159*y - 14745. Calculate j(-96).
519
Let h(a) = 9*a**2 + 9293*a + 1325927. Determine h(-171).
-7
Let b(w) = -13*w**3 + 10*w**2 - 6*w - 25. D